3 (base 4) in base 14?
-1cd11
Convert -14245132 (base 6) to base 7.
-4103000
Convert -11e66d (base 16) to base 7.
-12654056
Convert 3012264 (base 7) to base 14.
93b34
11100100100001111 (base 2) to base 10
117007
4315445 (base 6) to base 5
23300001
What is -6ac872 (base 13) in base 9?
-4702750
What is 42001215 (base 6) in base 3?
2021122102002
Convert -963251 (base 10) to base 12.
-3a552b
What is -439a9 (base 14) in base 3?
-22022201000
-cd1b2 (base 14) to base 8
-1712570
What is -7687f9 (base 16) in base 5?
-3442034212
Convert 18307 (base 15) to base 9.
128367
What is -772174 (base 9) in base 10?
-460876
What is -2276151 (base 8) in base 11?
-395088
What is 7271 (base 15) in base 4?
11321311
Convert -925c1d (base 15) to base 13.
-1596a27
Convert -2406157 (base 8) to base 6.
-22040451
-1223689 (base 12) to base 7
-42005154
What is 10101011011010001000111 (base 2) in base 15?
75e326
Convert 43222522 (base 7) to base 11.
2098788
Convert 461575 (base 8) to base 12.
76711
What is -44567 (base 10) in base 4?
-22320113
-56376714 (base 8) to base 5
-11110023012
What is -59234 (base 13) in base 14?
-4355d
What is -1407b5c (base 13) in base 4?
-120021033100
What is -8263180 (base 10) in base 13?
-1934173
What is -51ca8 (base 14) in base 9?
-330608
What is 5a746 (base 14) in base 5?
24032304
What is 14255444 (base 6) in base 4?
1313211310
What is -2590a0 (base 12) in base 16?
-96a38
Convert 303842 (base 10) to base 14.
7ca30
What is 30030303 (base 4) in base 9?
75483
Convert -300b (base 15) to base 3.
-111220102
Convert 12100211001 (base 3) to base 10.
105571
What is 12e9e (base 16) in base 10?
77470
Convert 150649a (base 11) to base 7.
30655411
Convert -112597 (base 13) to base 14.
-a7961
89124a (base 13) to base 14
601178
Convert 18759a1 (base 12) to base 3.
100122201120111
5112143 (base 7) to base 2
10010100011111011011
-cb392 (base 14) to base 15
-9ab2c
72b7 (base 16) to base 11
20078
Convert 8913d (base 14) to base 12.
140357
Convert 94ac0 (base 14) to base 11.
225676
Convert -1121100021112 (base 3) to base 2.
-11010000010010001101
273342 (base 9) to base 14
44965
Convert -1004150 (base 7) to base 10.
-119105
Convert -2197c80 (base 13) to base 15.
-d86a66
-785a0 (base 12) to base 7
-1233636
What is 1343014221 (base 5) in base 11?
1a70832
Convert -1012022010 (base 4) to base 9.
-477163
What is -90d8 (base 14) in base 11?
-17774
-2324114 (base 5) to base 13
-163c3
Convert 675527 (base 11) to base 9.
2020086
Convert 7d610 (base 14) to base 12.
128b52
-2372655 (base 9) to base 16
-13a70e
What is -447200 (base 8) in base 15?
-2ebcd
40276272 (base 8) to base 6
501515214
50393 (base 11) to base 6
1325022
Convert -100111110010010011011 (base 2) to base 6.
-43535403
What is -10243412 (base 5) in base 15?
-1ad3c
Convert 1566368 (base 13) to base 12.
237293b
Convert 1072540 (base 8) to base 4.
1013111200
Convert 21312000103 (base 4) to base 14.
4b25b5
What is 11b48 (base 14) in base 11?
2a657
Convert -1010101100011001110 (base 2) to base 3.
-122210200022
-132222122 (base 4) to base 16
-1ea9a
What is 2310312 (base 5) in base 3?
2002200211
Convert -931514 (base 16) to base 9.
-20121428
Convert -236240 (base 9) to base 13.
-4ca43
Convert 36602241 (base 7) to base 3.
20011112211000
212300330 (base 4) to base 15
320a5
Convert -1134232 (base 6) to base 10.
-59276
What is 266527 (base 16) in base 15?
34a85d
-223534 (base 8) to base 16
-1275c
Convert -5503 (base 7) to base 15.
-8ad
Convert 3a3b5b (base 12) to base 13.
278378
What is -3c1d36 (base 14) in base 15?
-2b1389
What is -235152 (base 8) in base 3?
-11002102010
What is -25211 (base 7) in base 4?
-1213133
Convert -13570417 (base 8) to base 7.
-35102000
1708645 (base 9) to base 7
11041004
Convert -3061243 (base 8) to base 7.
-6620265
Convert 3021002031 (base 4) to base 2.
11001001000010001101
Convert 144404210 (base 5) to base 9.
1416130
-47788 (base 11) to base 5
-4200244
10c217 (base 13) to base 16
612bf
What is 2053a9 (base 14) in base 16?
10a239
11010010010011000011 (base 2) to base 4
3102103003
What is -14746073 (base 8) in base 7?
-40565564
What is -309717 (base 10) in base 9?
-521760
12234 (base 6) to base 13
aa2
Convert -110010001110001001011 (base 2) to base 4.
-12101301023
What is -1a8052 (base 14) in base 6?
-32122224
-112021222 (base 3) to base 16
-28b5
What is 13cb1 (base 14) in base 6?
1015323
What is 8878124 (base 9) in base 8?
22157546
11320202 (base 4) to base 7
130154
Convert -25033522 (base 6) to base 11.
-4a5508
What is -330033013 (base 4) in base 14?
-65cb5
Convert aa08 (base 11) to base 5.
431103
Convert 209888 (base 10) to base 2.
110011001111100000
-1e6 (base 15) to base 4
-12321
What is -84776 (base 15) in base 5?
-101421221
What is -1172437 (base 8) in base 15?
-663ea
-11030112 (base 5) to base 11
-65961
What is -320331214 (base 5) in base 7?
-14246264
-101210110221 (base 3) to base 14
-5761a
-11950 (base 11) to base 4
-10023130
What is -355b2 (base 14) in base 15?
-28839
Convert 89c944 (base 13) to base 15.
444824
Convert 2563067 (base 8) to base 15.
e199a
-3102111021 (base 4) to base 6
-30244253
274c36 (base 16) to base 15
35d144
What is 367537 (base 9) in base 2?
110110001101100111
1111202022220 (base 3) to base 8
3036534
Convert -247720 (base 8) to base 12.
-41900
What is 67703 (base 9) in base 14?
125b1
-16d14a (base 15) to base 2
-100001110010101011111
-7a696d (base 15) to base 11
-3331968
Convert -403123 (base 12) to base 15.
-14b773
What is 33bb1 (base 16) in base 11?
135217
Convert 11010011110001101110010 (base 2) to base 16.
69e372
What is 488033 (base 10) in base 15?
99908
-166733 (base 10) to base 12
-805a5
What is 4026802 (base 9) in base 7?
24136316
-265264 (base 11) to base 9
-704808
300042034 (base 5) to base 11
732589
What is 1101011100000010001 (base 2) in base 15?
8a70c
What is 6136 (base 9) in base 13?
2073
What is 757283 (base 9) in base 16?
6e3a0
123377 (base 9) to base 13
27cac
Convert 45bc8 (base 13) to base 7.
1036666
Convert 11001000110100010110001 (base 2) to base 8.
31064261
What is -3e568 (base 16) in base 8?
-762550
Convert -2577715 (base 8) to base 13.
-1c3148
Convert -4400325 (base 6) to base 8.
-651375
What is -670c7 (base 15) in base 4?
-1033332022
Convert 14e34 (base 16) to base 10.
85556
-1625425 (base 7) to base 9
-372847
What is 33042214 (base 5) in base 10?
284059
Convert -1049487 (base 11) to base 15.
-265ea8
What is -1743420 (base 10) in base 16?
-1a9a3c
What is 70c199 (base 13) in base 6?
132140022
Convert 264a12 (base 12) to base 2.
10011001111010101110
What is 112020020200 (base 3) in base 16?
44634
105301 (base 11) to base 3
22112112211
What is 1221233121 (base 4) in base 9?
730106
Convert -7574374 (base 8) to base 3.
-10211010101112
What is 3212661 (base 8) in base 12?
354301
Convert -322333313 (base 4) to base 14.
-640d1
ecd58 (base 15) to base 4
2313222002
Convert -459a4 (base 14) to base 7.
-1303364
What is 10001011110111011110000 (base 2) in base 3?
22121211220101
1132121132 (base 4) to base 9
648345
-101110011100010100001 (base 2) to base 7
-15635544
-1111301113 (base 4) to base 8
-1256127
Convert -78126 (base 11) to base 15.
-23874
What is -111000111222 (base 3) in base 9?
-430458
What is -1000010001110100010101 (base 2) in base 9?
-4066768
147390 (base 10) to base 14
3b9dc
-1112112330 (base 5) to base 6
-124355555
-243612 (base 8) to base 10
-83850
Convert -13c59 (base 14) to base 13.
-19454
Convert -24066302 (base 7) to base 2.
-1000001001000100010111
12023340021 (base 5) to base 4
310332112212
-12020031 (base 8) to base 13
-710c14
Convert 5d12c7 (base 16) to base 13.
1357483
Convert -1010011000000011001 (base 2) to base 8.
-1230031
What is -81145 (base 9) in base 3?
-2201011112
What is 11110110101110110 (base 2) in base 5?
13020301
What is 10001310322 (base 4) in base 8?
4016472
-1991347 (base 10) to base 9
-3664547
What is 10115521 (base 6) in base 3?
112202012011
What is 4060721 (base 8) in base 2?
100000110000111010001
340000213 (base 5) to base 13
3cc882
Convert 18006 (base 10) to base 14.
67c2
What is -1011010010000110 (base 2) in base 11?
-317a3
Convert 41430404 (base 5) to base 14.
8cbda
1046334 (base 8) to base 4
1010303130
Convert -1161551 (base 7) to base 15.
-2e45b
What is -244423 (base 6) in base 7?
-120303
Convert -